+ (2 - 0)?
11
What is (-21 + 2 - 2) + (-13 - (-32 + 12))?
-14
Evaluate 0 + (-6 - 0) + -119 + 125 - 1.
-1
Evaluate (42 - 6 - 3) + -3 + -4.
26
Evaluate 7 - (-4 + -9 + (8 - -11)).
1
Calculate 1724 + -1712 - ((-1 - -2) + 5 + 0).
6
-1 + -3 - (29 + -4 + -16)
-13
What is the value of 4 - ((-2 - 3 - (-24 + 18)) + 22)?
-19
What is -13 - ((5 - 6) + -1 + 3)?
-14
(-15 - -19) + (-2 - 10)
-8
Calculate 18 - (24 - 36) - -7.
37
(-13 - -12 - (-5 - -1) - 5) + 6
4
What is the value of 4 + -33 + 18 + -24?
-35
23 + -15 + (-2 + 5 - -1)
12
Calculate -13 + 1 + 17 + -16 + (4 - -1).
-6
What is 4 - (2 + 2 + (3 - 8))?
5
-30 - -26 - (1 - 2) - (1 + -2)
-2
Calculate 14 - (-21 + 19 - -32).
-16
Evaluate -28 + 55 + -37 + 0 + 4 - -2.
-4
What is 7 + 23 + -21 + (-1 - 3)?
5
What is the value of 19 + -9 - (28 - -6)?
-24
11 - (23 - (-14 - -11))
-15
What is (4 - -17 - 36) + 4?
-11
What is the value of (-13 - -6 - -3) + -2?
-6
What is the value of 20 + (-24 + 2 - 4)?
-6
Calculate (-12 - (-2 + -8)) + (5 - 15).
-12
What is 9 + -10 - (3 + -2 + 4)?
-6
What is (7 + 8 - 8) + (0 - 3)?
4
What is the value of (-80 - -33) + 78 + -68?
-37
361 + -336 + 1 + -31
-5
What is the value of -17 - (-22 + 8 + -12)?
9
-4 - (-8 - -1) - -7
10
Calculate -56 - (-60 + -2) - (2 - -1).
3
Evaluate -7 - (-7 + -6 + 1 + 1).
4
What is -17 + 5 + 16 + -4?
0
Evaluate (-4 + -5 + 12 - 14) + 2 - -3.
-6
Evaluate 6 + (-6 - (-6 + 8 + -5)) - 0.
3
Calculate -6 + (-2 - (-4 - (-7 + 5))) + 2.
-4
Evaluate 3 - (-2 + 11 + -13).
7
What is -4 + (6 - (7 - 12) - 9)?
-2
Calculate (-3 - 18) + 15 + 20 - 7.
7
What is 5 + -5 + 3 - (10 + -18)?
11
What is the value of -17 + -1 + 8 - (-3 + 0 - -4)?
-11
What is -10 + (24 - (-3 + 3)) + -8?
6
What is -4 + -11 + -3 + -7?
-25
Calculate 48 + -29 + -24 + (-2 - (-14 + -2)).
9
-5 + (12 + -7 - (2 - -19))
-21
What is 0 + 3 + (10 + -32 - -14) + -12?
-17
Evaluate 23 + 6 + -98 + 42.
-27
Calculate 37 + (-16 + 1 - (-10 + 12 - 8)).
28
Calculate (-31 - (11 + -35)) + -21.
-28
What is 2 + 1 + (-8 - -1 - -1)?
-3
What is -500 - -480 - (-21 + -2)?
3
Calculate 9 + -33 + (1 - -4 - 4 - -5).
-18
Evaluate (2 + -2 - 7) + -6.
-13
What is the value of -43 - -31 - (-4 + -15)?
7
What is 9 + -20 - 17 - (-13 - (0 - 6))?
-21
What is 42 + -46 + 33 + (-9 - (-2 - -3))?
19
Evaluate 12 + -17 + -1 + -9.
-15
What is 34 - (16 + -47 - -38)?
27
Calculate (-6 - 3) + 6 + 10 - (7 + -10).
10
Calculate 8 + 16 + 19 + -33.
10
What is 19 + -22 + 10 + (1 - 9) + 7?
6
What is -388 + 394 + -16 + 2 + -2?
-10
What is the value of 393 + -381 + 9 + -2 + 1?
20
What is -15 - -23 - (-1 - (4 + (-1 - 1)))?
11
-43 - ((-45 - -61) + -28)
-31
17 + 11 + -29 + 27
26
Evaluate (18 + 0 + -9 - 4) + -11.
-6
Calculate (-9 - -6) + (-5 + 2 + 3 - 13).
-16
What is the value of 113 + -138 - (-15 + 1)?
-11
What is (-9 - 3 - -9) + 1?
-2
Calculate -6 - (-8 - (-5 + 17 - 10 - -7)).
11
Evaluate (29 - (2 - -9)) + -1 + 1 + -4.
14
What is 34 + -47 + 3 + 26?
16
What is -7 + 7 + (8 - 16)?
-8
6 + -6 + (-1 + (5 - 2) - -3)
5
What is 35 + (-11 + 10 + -5 + 3 - 3)?
29
What is (7 - 0 - (-15 - (-33 + 13))) + 3?
5
What is -61 - -49 - (-1 - 10)?
-1
What is 8 + (-8 - 9 - -4 - -9)?
4
(-11 - (-34 + (4 - 9))) + -14
14
Calculate -21 + 7 - -12 - 13.
-15
Evaluate 5 + 2 + 0 + -6 + -5 + 8.
4
(8 - (13 - (-12 + 24))) + 5
12
What is the value of -1 - 20 - ((-101 - -103) + (-6 - 0))?
-17
What is the value of -14 + 2 + 6 - -7?
1
What is the value of -15 + -19 - (-3 + 3 - 12)?
-22
(-13 + 25 - (2 + 15)) + -12
-17
9 - (14 - (-5 - -17)) - (1 + 3)
3
57 - 68 - (1 - -4)
-16
What is the value of (315 - 330) + 1 + -2 + 10?
-6
What is -21 + 1 + -12 - -27?
-5
What is -1 + (-9 - -30) + -8 - 0?
12
What is the value of -9 - (-5 + (-5 - (4 + -1 + -9)))?
-5
What is the value of 83 + -61 - (1 + 0)?
21
What is 0 + -10 - (404 + -438)?
24
Evaluate -95 - -94 - (2 + (18 - 2)).
-19
-2 - -1 - ((-6 - -1) + (29 - 25))
0
What is the value of -1 + (-7 + 8 - (-13 + -4))?
17
Calculate (28 - (-15 + 34)) + (4 - 1 - 41).
-29
Evaluate -35 + 73 + -32 + 21.
27
Evaluate -7 + 6 + 7 + (-6 - 25) + 7.
-18
What is the value of 19 + 24 - 35 - (15 + 2)?
-9
-3 - (5 + -10) - (-38 - -53)
-13
Evaluate -31 + 21 - (-40 + 6 + -1 + -10).
35
What is the value of (1 - (1 + -2)) + -22 + 25?
5
-24 + 29 + (-19 - -30)
16
Calculate -5 + (41 - (-2 + -3)) - (24 + -18).
35
Evaluate (-2 - -1) + 0 + 1718 + -1717.
0
What is the value of -34 - -15 - -31 - -9?
21
What is the value of 368 + -390 + (23 - -1)?
2
Evaluate -23 + (-9 + -4 - -21).
-15
Evaluate 18 - (7 - (-13 + 18)).
16
Evaluate -6 + (-20 + 12 - (4 - 13)).
-5
What is the value of 10 + -4 + -9 + (1 - -4)?
2
What is 7 + -16 + 15 + -20?
-14
5 - 9 - -7 - 12
-9
What is -5 - -2 - (37 - 34)?
-6
Calculate (-5 - 0) + (1 - 3) + 17 + 2.
12
What is the value of (-2 - (5 - (6 - -2))) + -8 + 2?
-5
Evaluate 30 + -8 + (-4 - 3).
15
What is 0 - (-17 - (-4 + -5) - -4)?
4
What is the value of (1 - 4) + -6 - (-33 - -20) - 36?
-32
What is the value of 28 + (0 - -6 - 10) - 4?
20
What is the value of -54 + 46 + (0 - (5 + 2))?
-15
8 + (-1 - -6) + -13 + 12
12
(114 - 110) + (-10 - -2) - 15
-19
What is the value of (32 - 18 - (3 + 2)) + -3?
6
What is 19 - (7 + -1 - 1)?
14
Calculate -2 - (9 - (-6 - (-4 + 4 + -4))).
-13
Evaluate (10 - 3) + 9 + (45 - 57).
4
12 - 23 - -7 - -15
11
Calculate (-13 - (12 - -6)) + 18.
-13
What is the value of (0 - 12) + -4 + 3 - (406 - 416)?
-3
(0 - (-2 + 3)) + -28 + -2 + 41
10
Evaluate 0 - -10 - (-15 - (0 - 19)).
6
What is the value of (4 - 3) + -2 + 9 + -6?
2
What is 18 + -26 + (18 - (0 + -5))?
15
Evaluate 10 - (-7 - (18 + -7 + -8)).
20
What is the value of 7 - ((-10 - -8) + -1 + 0)?
10
Evaluate -16 + (32 + -25 - (-6 - -4)).
-7
What is 9 + (-6 - (8 - (-1 - -14))) + -7?
1
(-18 + 15 - -3) + 18 + 0 + -7
11
9 + -4 + (-4 - -3) + -3 + 2
3
What is the value of -12 - (15 - 9 - 2)?
-16
Evaluate -11 - (-16 + 6) - 7 - -1.
-7
Calculate -20 + (-6 - -1) + 4.
-21
What is the value of 6 - -1 - 1 - (6 + -13 + 2)?
11
What is -2 - -2 - 2 - (85 - 83) - 8?
-12
What is (73 - 91) + (25 - 4)?
3
What is -24 - (-6 + (-5 - -6) + -13 + 10)?
-16
What is the value of (-3 + 0 - -3 - (5 - 6)) + 2?
3
Evaluate -1 - 2 - (-9 - 5 - -1 - -24).
-14
What is the value of (-26 - -32) + 2 + 4 + -1 + 1?
12
Evaluate 2 + 10 - (9 + (18 - 9)).
-6
-33 + (-33 + 44 - (4 + -4))
-22
What is 2 + -16 + (6 - -5)?
-3
(-13 - 3) + 0 + (27 - -3)
14
What is (-6 - 9) + (-118 - -125) + (-5 - 0)?
-13
What is the value of -11 - ((-4 + -2 - -9) + (8 - 2))?
-20
What is the value of -1 - 0 - (-2 + 6)?
-5
What is -2 - (212 - 194 - (1 + 0))?
-19
Evaluate (0 + 8 + 12 - -6) + -8 + -7.
11
What is (80 - 81 - (4 - -21)) + -9?
-35
What is -9 + 11 + (2 - (5 + 6)) + -8?
-15
What is the value of 3 + 13 + -13 + -3 + 19?
19
What is -60 + -23 + 58 + (12 - 1)?
-14
What is the value of -6 + (16 - 3) - (9 + -8)?
6
What is the value of 35 - 30 - (3 - 3) - (19 + 0)?
-14
What is the value of 6 - 10 - (8 - 3)?
-9
Evaluate 13 - (7 + 1 + -3) - 30.
-22
Calculate (-22 + 40 - 19) + -23.
-24
What is the value of 0 + (1 + 7 - (15 + -4)) - -10?
7
(-3 - -17 - 11) + -23
-20
What is the value of 17 - 11 - (-10 + (11 - 7))?
12
-31 - (-21 - (-8 - 3) - (2 - 2))
-21
What is the value of 56 - (5 - -28) - -8?
31
What is the value of 13 - (12 - (-8 - (-17 + -1)))?
11
Evaluate (1 - 4) + (-303 - -308).
2
What is the value of (-10 - (-9 + -3 - -4)) + 5?
3
Evaluate (-4 - -4) + -6 + 21 + (-4 - 0).
11
Calculate (-17 - -5 - -11 - -8) + (-1 - -10).
16
Evaluate (0 - -32) + (-22 - -15) + 17 + -18.
24
What is (1 - (-8 + 1)) + -38 + (40 - 7)?
3
Calculate 56 + -59 + (7 - -4).
8
What is (-64 - -50) + -5 + -1 + 11?
-9
What is the value of -6 - ((-9 - (3 + -6)) + 2)?
-2
What is the value of 22 - 11 - (9 + -1 + 2 + -2)?
3
What is -11 + ((-14 - -2) + 9 - -2)?
-12
Calculate -9 - (-119 + 118 + -24 + 2).
14
What is (-3 - 4) + (-7 - -7) + 3 - -1?
-3
10 - (14 + -13 + 7)
2
(6 - (8 - -33)) + (3 + 6 - 7)
-33
Calculate -6 + (14 - 2 - 8) + 9 + 24.
31
-6 + (4 - (-1 + 8) - -2) - -5
-2
-26 + 4 + 0 - -8
-14
What is 1 + 0 + (9 + -23 - -5 - -22)?
14
Calculate 32 - 9 - (32 - 7).
-2
772 + -781 - (-4 + (0 - 0))
-5
Calculate -2 + (4 - ((3 - 1) + (-3 - -1))).
2
What is 10 + 8 + 6 + -5 + -3 + -9?
7
What is the value of (-21 - (-71 - -35)) + (-5 - 0)?
10
What is the value of -6 + 10 + (-1 - 13)?
-10
(-5 - -4) + (-14 + -1 - -7 - -5)
-4
What is -48 + 47 + -3 + -27